tor of 80511?
True
Does 3 divide 562?
False
Does 9 divide 3744?
True
Does 35 divide 4831?
False
Does 49 divide 84?
False
Is 573 a multiple of 2?
False
Is 114 a factor of 20374?
False
Is 106 a factor of 663?
False
Does 9 divide 325?
False
Is 6 a factor of 1266?
True
Does 18 divide 365?
False
Is 66 a multiple of 15?
False
Does 42 divide 6636?
True
Does 34 divide 1127?
False
Does 37 divide 5772?
True
Does 35 divide 11045?
False
Is 57 a factor of 8679?
False
Does 26 divide 1217?
False
Is 29 a factor of 1682?
True
Is 820 a multiple of 5?
True
Is 4150 a multiple of 9?
False
Does 28 divide 2968?
True
Is 6732 a multiple of 6?
True
Does 40 divide 40?
True
Is 43 a factor of 16340?
True
Is 51999 a multiple of 33?
False
Is 44 a factor of 5544?
True
Does 47 divide 15962?
False
Is 8 a factor of 1992?
True
Is 22 a factor of 725?
False
Is 2 a factor of 64?
True
Does 53 divide 25427?
False
Does 22 divide 5642?
False
Is 672 a multiple of 7?
True
Does 47 divide 203?
False
Is 403 a multiple of 21?
False
Is 195 a multiple of 12?
False
Is 7540 a multiple of 74?
False
Does 7 divide 124?
False
Is 1925 a multiple of 25?
True
Is 201 a multiple of 67?
True
Is 854 a multiple of 14?
True
Is 20 a factor of 18251?
False
Does 8 divide 14310?
False
Does 26 divide 419?
False
Does 14 divide 2058?
True
Is 24 a factor of 520?
False
Is 33 a multiple of 11?
True
Is 52668 a multiple of 209?
True
Is 3400 a multiple of 17?
True
Is 572 a multiple of 3?
False
Is 3 a factor of 44?
False
Does 2 divide 7937?
False
Is 1944 a multiple of 104?
False
Is 9799 a multiple of 139?
False
Does 71 divide 710?
True
Is 12 a factor of 588?
True
Does 6 divide 2454?
True
Does 49 divide 4802?
True
Is 66 a factor of 330?
True
Does 171 divide 133269?
False
Is 59 a factor of 3717?
True
Does 5 divide 11970?
True
Does 18 divide 108?
True
Is 8796 a multiple of 22?
False
Does 3 divide 2744?
False
Does 12 divide 7582?
False
Does 128 divide 4384?
False
Does 10 divide 3922?
False
Does 40 divide 530?
False
Is 232 a multiple of 8?
True
Does 6 divide 2146?
False
Is 8 a factor of 17349?
False
Does 22 divide 65262?
False
Is 27359 a multiple of 46?
False
Does 38 divide 1266?
False
Does 5 divide 99?
False
Is 2253 a multiple of 15?
False
Is 84 a factor of 5376?
True
Is 25 a factor of 7183?
False
Does 10 divide 4447?
False
Is 25 a factor of 4650?
True
Is 113 a factor of 2168?
False
Is 51 a factor of 1258?
False
Is 4 a factor of 2701?
False
Does 12 divide 761?
False
Is 7 a factor of 10458?
True
Does 31 divide 10216?
False
Is 1425 a multiple of 15?
True
Is 1323 a multiple of 27?
True
Is 10 a factor of 1780?
True
Does 7 divide 1568?
True
Is 11 a factor of 323?
False
Is 6896 a multiple of 12?
False
Does 8 divide 13765?
False
Does 17 divide 4369?
True
Is 161 a factor of 3903?
False
Is 4761 a multiple of 15?
False
Is 273 a multiple of 91?
True
Is 18 a factor of 4671?
False
Does 29 divide 9483?
True
Does 50 divide 40170?
False
Does 200 divide 17800?
True
Is 8845 a multiple of 122?
False
Is 5028 a multiple of 19?
False
Is 745 a multiple of 5?
True
Does 5 divide 37336?
False
Does 3 divide 54?
True
Is 26169 a multiple of 13?
True
Does 153 divide 4284?
True
Is 126 a factor of 8577?
False
Is 494 a multiple of 26?
True
Is 20587 a multiple of 186?
False
Does 54 divide 7128?
True
Is 31 a factor of 17005?
False
Is 4 a factor of 10240?
True
Is 24 a factor of 2067?
False
Is 22542 a multiple of 62?
False
Is 606 a multiple of 2?
True
Is 42284 a multiple of 31?
True
Is 14 a factor of 1582?
True
Does 240 divide 27619?
False
Does 3 divide 285?
True
Is 3 a factor of 879?
True
Is 66 a factor of 3899?
False
Is 6324 a multiple of 34?
True
Is 225 a factor of 7273?
False
Does 4 divide 3371?
False
Is 26 a multiple of 15?
False
Is 3 a factor of 1446?
True
Is 61 a multiple of 10?
False
Is 255 a factor of 53938?
False
Is 5 a factor of 1177?
False
Does 7 divide 8138?
False
Is 275 a multiple of 25?
True
Is 8075 a multiple of 11?
False
Is 29134 a multiple of 65?
False
Is 5671 a multiple of 53?
True
Is 41307 a multiple of 49?
True
Is 186 a multiple of 31?
True
Is 67 a factor of 238?
False
Is 24769 a multiple of 5?
False
Is 378 a multiple of 18?
True
Is 66 a factor of 119460?
True
Does 82 divide 39811?
False
Does 16 divide 832?
True
Is 6371 a multiple of 23?
True
Is 25 a multiple of 20?
False
Is 1136 a multiple of 12?
False
Does 13 divide 1118?
True
Does 108 divide 14472?
True
Is 65 a multiple of 3?
False
Does 65 divide 650?
True
Is 54 a factor of 594?
True
Does 26 divide 3406?
True
Is 7 a factor of 28826?
True
Is 5148 a multiple of 4?
True
Does 67 divide 11210?
False
Is 3359 a multiple of 14?
False
Does 18 divide 23652?
True
Does 151 divide 54511?
True
Is 44 a factor of 27896?
True
Does 128 divide 2176?
True
Is 10 a factor of 1310?
True
Is 9 a factor of 54?
True
Is 43 a factor of 215?
True
Is 32784 a multiple of 48?
True
Is 13576 a multiple of 103?
False
Is 9 a factor of 3207?
False
Is 9 a factor of 305?
False
Is 73 a factor of 1260?
False
Is 105 a factor of 122640?
True
Does 97 divide 22892?
True
Is 3294 a multiple of 234?
False
Does 314 divide 33086?
False
Is 189 a multiple of 27?
True
Does 13 divide 118?
False
Is 7 a factor of 19988?
False
Is 3120 a multiple of 30?
True
Is 12 a factor of 240?
True
Does 25 divide 478?
False
Is 7721 a multiple of 92?
False
Is 10371 a multiple of 19?
False
Is 16688 a multiple of 11?
False
Is 4554 a multiple of 22?
True
Does 3 divide 7352?
False
Does 22 divide 13819?
False
Is 80 a factor of 2100?
False
Does 3 divide 2318?
False
Does 21 divide 436?
False
Is 224 a multiple of 7?
True
Is 39 a factor of 8258?
False
Is 44 a factor of 3476?
True
Is 6880 a multiple of 26?
False
Does 28 divide 273?
False
Does 40 divide 1240?
True
Is 7 a factor of 3072?
False
Is 19 a factor of 1216?
True
Is 25102 a multiple of 98?
False
Is 18 a factor of 6702?
False
Does 28 divide 30212?
True
Is 66 a multiple of 6?
True
Is 37 a factor of 310?
False
Is 4488 a multiple of 49?
False
Is 36 a factor of 648?
True
Does 19 divide 53326?
False
Does 74 divide 556?
False
Does 121 divide 4477?
True
Is 12446 a multiple of 12?
False
Is 8542 a multiple of 81?
False
Is 5625 a multiple of 32?
False
Is 111 a factor of 51726?
True
Is 208 a factor of 832?
True
Does 19 divide 869?
False
Is 60 a factor of 20826?
False
Is 34 a factor of 45414?
False
Is 59 a multiple of 59?
True
Is 14 a factor of 2170?
True
Is 69 a factor of 3588?
True
Is 112 a multiple of 14?
True
Is 2140 a multiple of 88?
False
Is 34 a factor of 53380?
True
Is 11205 a multiple of 45?
True
Is 80 a factor of 7544?
False
Is 8024 a multiple of 17?
True
Is 102 a factor of 9447?
False
Does 20 divide 1388?
False
Is 137 a factor of 22057?
True
Does 23 divide 1084?
False
Does 13 divide 701?
False
Does 38 divide 950?
True
Is 109 a factor of 13734?
True
Is 11 a factor of 440?
True
Is 83 a multiple of 15?
False
Is 7 a factor of 590?
False
Is 21888 a multiple of 144?
True
Does 6 divide 270?
True
Does 253 divide 62794?
False
Does 10 divide 3050?
True
Does 4 divide 244?
True
Is 3499 a multiple of 67?
False
Is 458 a multiple of 30?
False
Is 99047 a multiple of 17?
False
Is 94 a factor of 9776?
True
Is 35571 a multiple of 26?
False
Is 6 a factor of 2178?
True
Does 14 divide 2474?
False
Is 5 a factor of 75?
True
Is 36 a factor of 2088?
True
Is 122 a factor of 90278?
False
Does 224 divide 1004?
False
Does 10 divide 540?
True
Is 2937 a multiple of 49?
False
Is 158125 a multiple of 253?
True
Does 19 divide 629?
False
Does 23 divide 150?
False
Is 3154 a multiple of 19?
True
Does 156 divide 32512?
False
Does 100 divide 31000?
True
Does 13 divide 4615?
True
Does 23 divide 1173?
True
Is 50 a factor of 11400?
True
Is 7400 a multiple of 100?
True
Is 47 a factor of 1011?
False
Is 13176 a multiple of 54?
True
Does 40 divide 34240?
True
Is 12 a factor of 576?
True
Is 5254 a multiple of 71?
True
Does 5 divide 226?
False
Is 1235 a multiple of 122?
False
Is 183 a multiple of 27?
False
Does 49 divide 968?
False
Is 8046 a multiple of 27?
True
Does 9 divide 35209?
False
Is 13 a factor of 819?
True
Is 187 a factor of 25993?
True
Is 4381 a multiple of 22?
False
Is 210 a multiple of 35?
True
Does 17 divide 55828?
True
Is 8 a factor of 194?
False
Is 74630 a multiple of 439?
True
Does 225 divide 18675?
True
Does 4 divide 3875?
False
Is 47 a fac